{"id":2198,"date":"2023-01-30T18:04:00","date_gmt":"2023-01-30T18:04:00","guid":{"rendered":"https:\/\/portimpact.com\/site\/?post_type=product&#038;p=2198"},"modified":"2023-03-30T08:52:45","modified_gmt":"2023-03-30T08:52:45","slug":"cinzeiro-coluna","status":"publish","type":"product","link":"https:\/\/portimpact.com\/site\/product\/cinzeiro-coluna\/","title":{"rendered":"Cinzeiro Coluna"},"content":{"rendered":"\t\t<div data-elementor-type=\"wp-post\" data-elementor-id=\"2198\" class=\"elementor elementor-2198\">\n\t\t\t\t\t\t<section class=\"elementor-section elementor-top-section elementor-element elementor-element-98511ec elementor-section-boxed elementor-section-height-default elementor-section-height-default\" data-id=\"98511ec\" data-element_type=\"section\">\n\t\t\t\t\t\t<div class=\"elementor-container elementor-column-gap-wider\">\n\t\t\t\t\t<div class=\"elementor-column elementor-col-100 elementor-top-column elementor-element elementor-element-73388e9\" data-id=\"73388e9\" data-element_type=\"column\">\n\t\t\t<div class=\"elementor-widget-wrap elementor-element-populated\">\n\t\t\t\t\t\t<section class=\"elementor-section elementor-inner-section elementor-element elementor-element-4e824fd elementor-section-boxed elementor-section-height-default elementor-section-height-default\" data-id=\"4e824fd\" data-element_type=\"section\">\n\t\t\t\t\t\t<div class=\"elementor-container elementor-column-gap-default\">\n\t\t\t\t\t<div class=\"elementor-column elementor-col-50 elementor-inner-column elementor-element elementor-element-51ef08d\" data-id=\"51ef08d\" data-element_type=\"column\">\n\t\t\t<div class=\"elementor-widget-wrap elementor-element-populated\">\n\t\t\t\t\t\t<div class=\"elementor-element elementor-element-d085ed9 elementor-widget elementor-widget-heading\" data-id=\"d085ed9\" data-element_type=\"widget\" data-widget_type=\"heading.default\">\n\t\t\t\t<div class=\"elementor-widget-container\">\n\t\t\t\t\t<h4 class=\"elementor-heading-title elementor-size-default\">Cinzeiro Coluna<\/h4>\t\t\t\t<\/div>\n\t\t\t\t<\/div>\n\t\t\t\t<div class=\"elementor-element elementor-element-4f645b9 elementor-view-stacked elementor-position-left elementor-shape-circle elementor-mobile-position-top elementor-vertical-align-top elementor-widget elementor-widget-icon-box\" data-id=\"4f645b9\" data-element_type=\"widget\" data-widget_type=\"icon-box.default\">\n\t\t\t\t<div class=\"elementor-widget-container\">\n\t\t\t\t\t\t\t<div class=\"elementor-icon-box-wrapper\">\n\n\t\t\t\t\t\t<div class=\"elementor-icon-box-icon\">\n\t\t\t\t<span  class=\"elementor-icon\">\n\t\t\t\t<i aria-hidden=\"true\" class=\"fas fa-plus\"><\/i>\t\t\t\t<\/span>\n\t\t\t<\/div>\n\t\t\t\n\t\t\t\t\t\t<div class=\"elementor-icon-box-content\">\n\n\t\t\t\t\t\t\t\t\t<h5 class=\"elementor-icon-box-title\">\n\t\t\t\t\t\t<span  >\n\t\t\t\t\t\t\tTampa\t\t\t\t\t\t<\/span>\n\t\t\t\t\t<\/h5>\n\t\t\t\t\n\t\t\t\t\t\t\t\t\t<p class=\"elementor-icon-box-description\">\n\t\t\t\t\t\t100% A\u00e7o Inox\t\t\t\t\t<\/p>\n\t\t\t\t\n\t\t\t<\/div>\n\t\t\t\n\t\t<\/div>\n\t\t\t\t\t\t<\/div>\n\t\t\t\t<\/div>\n\t\t\t\t<div class=\"elementor-element elementor-element-7f6711c elementor-widget-divider--view-line elementor-widget elementor-widget-divider\" data-id=\"7f6711c\" data-element_type=\"widget\" data-widget_type=\"divider.default\">\n\t\t\t\t<div class=\"elementor-widget-container\">\n\t\t\t\t\t\t\t<div class=\"elementor-divider\">\n\t\t\t<span class=\"elementor-divider-separator\">\n\t\t\t\t\t\t<\/span>\n\t\t<\/div>\n\t\t\t\t\t\t<\/div>\n\t\t\t\t<\/div>\n\t\t\t\t<div class=\"elementor-element elementor-element-5c42f6d elementor-view-stacked elementor-position-left elementor-shape-circle elementor-mobile-position-top elementor-vertical-align-top elementor-widget elementor-widget-icon-box\" data-id=\"5c42f6d\" data-element_type=\"widget\" data-widget_type=\"icon-box.default\">\n\t\t\t\t<div class=\"elementor-widget-container\">\n\t\t\t\t\t\t\t<div class=\"elementor-icon-box-wrapper\">\n\n\t\t\t\t\t\t<div class=\"elementor-icon-box-icon\">\n\t\t\t\t<span  class=\"elementor-icon\">\n\t\t\t\t<i aria-hidden=\"true\" class=\"fas fa-plus\"><\/i>\t\t\t\t<\/span>\n\t\t\t<\/div>\n\t\t\t\n\t\t\t\t\t\t<div class=\"elementor-icon-box-content\">\n\n\t\t\t\t\t\t\t\t\t<h5 class=\"elementor-icon-box-title\">\n\t\t\t\t\t\t<span  >\n\t\t\t\t\t\t\tGaveta\t\t\t\t\t\t<\/span>\n\t\t\t\t\t<\/h5>\n\t\t\t\t\n\t\t\t\t\t\t\t\t\t<p class=\"elementor-icon-box-description\">\n\t\t\t\t\t\tCom fechadura\t\t\t\t\t<\/p>\n\t\t\t\t\n\t\t\t<\/div>\n\t\t\t\n\t\t<\/div>\n\t\t\t\t\t\t<\/div>\n\t\t\t\t<\/div>\n\t\t\t\t<div class=\"elementor-element elementor-element-d13183e elementor-widget-divider--view-line elementor-widget elementor-widget-divider\" data-id=\"d13183e\" data-element_type=\"widget\" data-widget_type=\"divider.default\">\n\t\t\t\t<div class=\"elementor-widget-container\">\n\t\t\t\t\t\t\t<div class=\"elementor-divider\">\n\t\t\t<span class=\"elementor-divider-separator\">\n\t\t\t\t\t\t<\/span>\n\t\t<\/div>\n\t\t\t\t\t\t<\/div>\n\t\t\t\t<\/div>\n\t\t\t\t<div class=\"elementor-element elementor-element-b59afe7 elementor-view-stacked elementor-position-left elementor-shape-circle elementor-mobile-position-top elementor-vertical-align-top elementor-widget elementor-widget-icon-box\" data-id=\"b59afe7\" data-element_type=\"widget\" data-widget_type=\"icon-box.default\">\n\t\t\t\t<div class=\"elementor-widget-container\">\n\t\t\t\t\t\t\t<div class=\"elementor-icon-box-wrapper\">\n\n\t\t\t\t\t\t<div class=\"elementor-icon-box-icon\">\n\t\t\t\t<span  class=\"elementor-icon\">\n\t\t\t\t<i aria-hidden=\"true\" class=\"fas fa-plus\"><\/i>\t\t\t\t<\/span>\n\t\t\t<\/div>\n\t\t\t\n\t\t\t\t\t\t<div class=\"elementor-icon-box-content\">\n\n\t\t\t\t\t\t\t\t\t<h5 class=\"elementor-icon-box-title\">\n\t\t\t\t\t\t<span  >\n\t\t\t\t\t\t\tBase Fixa\u00e7\u00e3o\t\t\t\t\t\t<\/span>\n\t\t\t\t\t<\/h5>\n\t\t\t\t\n\t\t\t\t\t\t\t\t\t<p class=\"elementor-icon-box-description\">\n\t\t\t\t\t\t4 furos de fixa\u00e7\u00e3o\t\t\t\t\t<\/p>\n\t\t\t\t\n\t\t\t<\/div>\n\t\t\t\n\t\t<\/div>\n\t\t\t\t\t\t<\/div>\n\t\t\t\t<\/div>\n\t\t\t\t\t<\/div>\n\t\t<\/div>\n\t\t\t\t<div class=\"elementor-column elementor-col-50 elementor-inner-column elementor-element elementor-element-8e1c53d\" data-id=\"8e1c53d\" data-element_type=\"column\">\n\t\t\t<div class=\"elementor-widget-wrap elementor-element-populated\">\n\t\t\t\t\t\t<div class=\"elementor-element elementor-element-54cf7ad elementor-widget elementor-widget-image\" data-id=\"54cf7ad\" data-element_type=\"widget\" data-widget_type=\"image.default\">\n\t\t\t\t<div class=\"elementor-widget-container\">\n\t\t\t\t\t\t\t\t\t\t\t\t\t\t\t<img fetchpriority=\"high\" decoding=\"async\" width=\"800\" height=\"800\" src=\"https:\/\/portimpact.com\/site\/wp-content\/uploads\/2023\/01\/cinzeiro_pe_det.png\" class=\"attachment-large size-large wp-image-3060\" alt=\"\" srcset=\"https:\/\/portimpact.com\/site\/wp-content\/uploads\/2023\/01\/cinzeiro_pe_det.png 800w, https:\/\/portimpact.com\/site\/wp-content\/uploads\/2023\/01\/cinzeiro_pe_det-300x300.png 300w, https:\/\/portimpact.com\/site\/wp-content\/uploads\/2023\/01\/cinzeiro_pe_det-150x150.png 150w, https:\/\/portimpact.com\/site\/wp-content\/uploads\/2023\/01\/cinzeiro_pe_det-768x768.png 768w, https:\/\/portimpact.com\/site\/wp-content\/uploads\/2023\/01\/cinzeiro_pe_det-146x146.png 146w, https:\/\/portimpact.com\/site\/wp-content\/uploads\/2023\/01\/cinzeiro_pe_det-50x50.png 50w, https:\/\/portimpact.com\/site\/wp-content\/uploads\/2023\/01\/cinzeiro_pe_det-75x75.png 75w, https:\/\/portimpact.com\/site\/wp-content\/uploads\/2023\/01\/cinzeiro_pe_det-85x85.png 85w, https:\/\/portimpact.com\/site\/wp-content\/uploads\/2023\/01\/cinzeiro_pe_det-80x80.png 80w\" sizes=\"(max-width: 800px) 100vw, 800px\" \/>\t\t\t\t\t\t\t\t\t\t\t\t\t\t\t<\/div>\n\t\t\t\t<\/div>\n\t\t\t\t\t<\/div>\n\t\t<\/div>\n\t\t\t\t\t<\/div>\n\t\t<\/section>\n\t\t\t\t\t<\/div>\n\t\t<\/div>\n\t\t\t\t\t<\/div>\n\t\t<\/section>\n\t\t\t\t<section class=\"elementor-section elementor-top-section elementor-element elementor-element-9a0e910 elementor-section-boxed elementor-section-height-default elementor-section-height-default\" data-id=\"9a0e910\" data-element_type=\"section\">\n\t\t\t\t\t\t<div class=\"elementor-container elementor-column-gap-default\">\n\t\t\t\t\t<div class=\"elementor-column elementor-col-33 elementor-top-column elementor-element elementor-element-cd53966\" data-id=\"cd53966\" data-element_type=\"column\" data-settings=\"{&quot;background_background&quot;:&quot;classic&quot;}\">\n\t\t\t<div class=\"elementor-widget-wrap elementor-element-populated\">\n\t\t\t\t\t\t<div class=\"elementor-element elementor-element-f2d1cf4 elementor-align-right elementor-widget elementor-widget-button\" data-id=\"f2d1cf4\" data-element_type=\"widget\" data-widget_type=\"button.default\">\n\t\t\t\t<div class=\"elementor-widget-container\">\n\t\t\t\t\t\t\t\t\t<div class=\"elementor-button-wrapper\">\n\t\t\t\t\t<a class=\"elementor-button elementor-button-link elementor-size-md\" href=\"#elementor-action%3Aaction%3Dpopup%3Aopen%26settings%3DeyJpZCI6IjEzODgiLCJ0b2dnbGUiOmZhbHNlfQ%3D%3D\">\n\t\t\t\t\t\t<span class=\"elementor-button-content-wrapper\">\n\t\t\t\t\t\t<span class=\"elementor-button-icon\">\n\t\t\t\t<i aria-hidden=\"true\" class=\"fas fa-info-circle\"><\/i>\t\t\t<\/span>\n\t\t\t\t\t\t\t\t\t<span class=\"elementor-button-text\">Pedir mais informa\u00e7\u00f5es<\/span>\n\t\t\t\t\t<\/span>\n\t\t\t\t\t<\/a>\n\t\t\t\t<\/div>\n\t\t\t\t\t\t\t\t<\/div>\n\t\t\t\t<\/div>\n\t\t\t\t\t<\/div>\n\t\t<\/div>\n\t\t\t\t<div class=\"elementor-column elementor-col-33 elementor-top-column elementor-element elementor-element-6b9bcaf\" data-id=\"6b9bcaf\" data-element_type=\"column\">\n\t\t\t<div class=\"elementor-widget-wrap\">\n\t\t\t\t\t\t\t<\/div>\n\t\t<\/div>\n\t\t\t\t<div class=\"elementor-column elementor-col-33 elementor-top-column elementor-element elementor-element-61f18c9\" data-id=\"61f18c9\" data-element_type=\"column\">\n\t\t\t<div class=\"elementor-widget-wrap elementor-element-populated\">\n\t\t\t\t\t\t<div class=\"elementor-element elementor-element-0a41c01 elementor-align-left elementor-widget elementor-widget-button\" data-id=\"0a41c01\" data-element_type=\"widget\" data-widget_type=\"button.default\">\n\t\t\t\t<div class=\"elementor-widget-container\">\n\t\t\t\t\t\t\t\t\t<div class=\"elementor-button-wrapper\">\n\t\t\t\t\t<a class=\"elementor-button elementor-button-link elementor-size-md\" href=\"https:\/\/portimpact.com\/site\/fichas\/ficha_tecnica_cinzeiro_coluna.pdf\" target=\"_blank\">\n\t\t\t\t\t\t<span class=\"elementor-button-content-wrapper\">\n\t\t\t\t\t\t<span class=\"elementor-button-icon\">\n\t\t\t\t<i aria-hidden=\"true\" class=\"fas fa-arrow-alt-circle-down\"><\/i>\t\t\t<\/span>\n\t\t\t\t\t\t\t\t\t<span class=\"elementor-button-text\">Ficha do Produto<\/span>\n\t\t\t\t\t<\/span>\n\t\t\t\t\t<\/a>\n\t\t\t\t<\/div>\n\t\t\t\t\t\t\t\t<\/div>\n\t\t\t\t<\/div>\n\t\t\t\t\t<\/div>\n\t\t<\/div>\n\t\t\t\t\t<\/div>\n\t\t<\/section>\n\t\t\t\t<section class=\"elementor-section elementor-top-section elementor-element elementor-element-6035fe9 elementor-section-boxed elementor-section-height-default elementor-section-height-default\" data-id=\"6035fe9\" data-element_type=\"section\">\n\t\t\t\t\t\t<div class=\"elementor-container elementor-column-gap-default\">\n\t\t\t\t\t<div class=\"elementor-column elementor-col-100 elementor-top-column elementor-element elementor-element-609ca1a\" data-id=\"609ca1a\" data-element_type=\"column\">\n\t\t\t<div class=\"elementor-widget-wrap elementor-element-populated\">\n\t\t\t\t\t\t<div class=\"elementor-element elementor-element-79acfc9 elementor-tabs-view-horizontal elementor-widget elementor-widget-tabs\" data-id=\"79acfc9\" data-element_type=\"widget\" data-widget_type=\"tabs.default\">\n\t\t\t\t<div class=\"elementor-widget-container\">\n\t\t\t\t\t\t\t<div class=\"elementor-tabs\">\n\t\t\t<div class=\"elementor-tabs-wrapper\" role=\"tablist\" >\n\t\t\t\t\t\t\t\t\t<div id=\"elementor-tab-title-1271\" class=\"elementor-tab-title elementor-tab-desktop-title\" aria-selected=\"true\" data-tab=\"1\" role=\"tab\" tabindex=\"0\" aria-controls=\"elementor-tab-content-1271\" aria-expanded=\"false\">Medidas<\/div>\n\t\t\t\t\t\t\t\t\t<div id=\"elementor-tab-title-1272\" class=\"elementor-tab-title elementor-tab-desktop-title\" aria-selected=\"false\" data-tab=\"2\" role=\"tab\" tabindex=\"-1\" aria-controls=\"elementor-tab-content-1272\" aria-expanded=\"false\">Manual Instru\u00e7\u00f5es<\/div>\n\t\t\t\t\t\t\t<\/div>\n\t\t\t<div class=\"elementor-tabs-content-wrapper\" role=\"tablist\" aria-orientation=\"vertical\">\n\t\t\t\t\t\t\t\t\t<div class=\"elementor-tab-title elementor-tab-mobile-title\" aria-selected=\"true\" data-tab=\"1\" role=\"tab\" tabindex=\"0\" aria-controls=\"elementor-tab-content-1271\" aria-expanded=\"false\">Medidas<\/div>\n\t\t\t\t\t<div id=\"elementor-tab-content-1271\" class=\"elementor-tab-content elementor-clearfix\" data-tab=\"1\" role=\"tabpanel\" aria-labelledby=\"elementor-tab-title-1271\" tabindex=\"0\" hidden=\"false\"><div>\n<table>\n<tbody>\n<tr>\n<td><\/td>\n<td>\n<h4>Cinzeiro Exterior Coluna<\/h4>\n<\/td>\n<td><\/td>\n<\/tr>\n<\/tbody>\n<\/table>\n<table>\n<thead>\n<tr>\n<th><\/th>\n<th><a href=\"https:\/\/portimpact.com\/site\/wp-content\/uploads\/2023\/03\/A_cinzeiro_coluna.svg\"><img decoding=\"async\" class=\"alignnone size-full wp-image-3043\" src=\"https:\/\/portimpact.com\/site\/wp-content\/uploads\/2023\/03\/A_cinzeiro_coluna.svg\" alt=\"\" width=\"141\" height=\"113\" \/><\/a><\/th>\n<th><img decoding=\"async\" class=\"alignnone size-full wp-image-3044\" src=\"https:\/\/portimpact.com\/site\/wp-content\/uploads\/2023\/03\/L_cinzeiro_coluna.svg\" alt=\"\" width=\"141\" height=\"113\" \/><\/th>\n<th><img loading=\"lazy\" decoding=\"async\" class=\"alignnone size-full wp-image-3045\" src=\"https:\/\/portimpact.com\/site\/wp-content\/uploads\/2023\/03\/C_cinzeiro_coluna.svg\" alt=\"\" width=\"141\" height=\"113\" \/><\/th>\n<th><a href=\"https:\/\/portimpact.com\/site\/wp-content\/uploads\/2022\/06\/kg.svg\"><img decoding=\"async\" src=\"https:\/\/portimpact.com\/site\/wp-content\/uploads\/2022\/06\/kg.svg\" alt=\"\" width=\"95%\" height=\"95%\" \/><\/a><\/th>\n<\/tr>\n<tr>\n<th>Refer\u00eancia<\/th>\n<th>A<\/th>\n<th>Largura<\/th>\n<th>Comprimento<\/th>\n<th>Peso<\/th>\n<\/tr>\n<\/thead>\n<tbody>\n<tr>\n<td>CZPE<\/td>\n<td>1<\/td>\n<td>0,25<\/td>\n<td>0,15<\/td>\n<td>11<\/td>\n<\/tr>\n\n\n<\/tbody>\n<\/table>\n&nbsp;\n\n<\/div><\/div>\n\t\t\t\t\t\t\t\t\t<div class=\"elementor-tab-title elementor-tab-mobile-title\" aria-selected=\"false\" data-tab=\"2\" role=\"tab\" tabindex=\"-1\" aria-controls=\"elementor-tab-content-1272\" aria-expanded=\"false\">Manual Instru\u00e7\u00f5es<\/div>\n\t\t\t\t\t<div id=\"elementor-tab-content-1272\" class=\"elementor-tab-content elementor-clearfix\" data-tab=\"2\" role=\"tabpanel\" aria-labelledby=\"elementor-tab-title-1272\" tabindex=\"0\" hidden=\"hidden\"><img decoding=\"async\" src=\"https:\/\/portimpact.com\/site\/wp-content\/uploads\/2023\/03\/ficha_tecnica_cinzeiro_coluna-1.jpg\" alt=\"\" width=\"95%\" height=\"95%\" class=\"alignnone size-medium wp-image-3056\" srcset=\"https:\/\/portimpact.com\/site\/wp-content\/uploads\/2023\/03\/ficha_tecnica_cinzeiro_coluna-1.jpg 1024w, https:\/\/portimpact.com\/site\/wp-content\/uploads\/2023\/03\/ficha_tecnica_cinzeiro_coluna-1-210x300.jpg 210w, https:\/\/portimpact.com\/site\/wp-content\/uploads\/2023\/03\/ficha_tecnica_cinzeiro_coluna-1-718x1024.jpg 718w, https:\/\/portimpact.com\/site\/wp-content\/uploads\/2023\/03\/ficha_tecnica_cinzeiro_coluna-1-768x1095.jpg 768w, https:\/\/portimpact.com\/site\/wp-content\/uploads\/2023\/03\/ficha_tecnica_cinzeiro_coluna-1-102x146.jpg 102w, https:\/\/portimpact.com\/site\/wp-content\/uploads\/2023\/03\/ficha_tecnica_cinzeiro_coluna-1-35x50.jpg 35w, https:\/\/portimpact.com\/site\/wp-content\/uploads\/2023\/03\/ficha_tecnica_cinzeiro_coluna-1-53x75.jpg 53w, https:\/\/portimpact.com\/site\/wp-content\/uploads\/2023\/03\/ficha_tecnica_cinzeiro_coluna-1-800x1141.jpg 800w\" sizes=\"(max-width: 1024px) 100vw, 1024px\" \/><\/div>\n\t\t\t\t\t\t\t<\/div>\n\t\t<\/div>\n\t\t\t\t\t\t<\/div>\n\t\t\t\t<\/div>\n\t\t\t\t\t<\/div>\n\t\t<\/div>\n\t\t\t\t\t<\/div>\n\t\t<\/section>\n\t\t\t\t<\/div>\n\t\t","protected":false},"excerpt":{"rendered":"<p>Gama de cinzeiros para exterior. Ideal para espa\u00e7os urbanos, entradas de estabelecimentos comerciais e de servi\u00e7os,<br \/>\nnas zonas onde \u00e9 permitido fumar.<br \/>\nDe f\u00e1cil montagem no ch\u00e3o. O seu sistema de gaveta com fechadura permite a sua f\u00e1cil limpeza e manuten\u00e7\u00e3o.<br \/>\nDesign robusto, tampa em a\u00e7o inox. Anti-vandalismo<\/p>\n<p>&nbsp;<\/p>\n","protected":false},"featured_media":2199,"template":"","meta":[],"product_brand":[],"product_cat":[145,143],"product_tag":[],"class_list":{"0":"post-2198","1":"product","2":"type-product","3":"status-publish","4":"has-post-thumbnail","6":"product_cat-cinzeiros","7":"product_cat-outros-produtos","9":"first","10":"instock","11":"virtual","12":"product-type-simple"},"yoast_head":"<!-- This site is optimized with the Yoast SEO Premium plugin v20.9 (Yoast SEO v25.2) - https:\/\/yoast.com\/wordpress\/plugins\/seo\/ -->\n<title>Cinzeiro Coluna - Portimpact<\/title>\n<meta name=\"robots\" content=\"index, follow, max-snippet:-1, max-image-preview:large, max-video-preview:-1\" \/>\n<link rel=\"canonical\" href=\"https:\/\/portimpact.com\/site\/product\/cinzeiro-coluna\/\" \/>\n<meta property=\"og:locale\" content=\"pt_PT\" \/>\n<meta property=\"og:type\" content=\"article\" \/>\n<meta property=\"og:title\" content=\"Cinzeiro Coluna\" \/>\n<meta property=\"og:description\" content=\"Gama de cinzeiros para exterior. Ideal para espa\u00e7os urbanos, entradas de estabelecimentos comerciais e de servi\u00e7os, nas zonas onde \u00e9 permitido fumar. De f\u00e1cil montagem no ch\u00e3o. O seu sistema de gaveta com fechadura permite a sua f\u00e1cil limpeza e manuten\u00e7\u00e3o. Design robusto, tampa em a\u00e7o inox. Anti-vandalismo  &nbsp;\" \/>\n<meta property=\"og:url\" content=\"https:\/\/portimpact.com\/site\/product\/cinzeiro-coluna\/\" \/>\n<meta property=\"og:site_name\" content=\"Portimpact\" \/>\n<meta property=\"article:publisher\" content=\"https:\/\/www.facebook.com\/Portimpact\/\" \/>\n<meta property=\"article:modified_time\" content=\"2023-03-30T08:52:45+00:00\" \/>\n<meta property=\"og:image\" content=\"https:\/\/portimpact.com\/site\/wp-content\/uploads\/2023\/01\/cinzeiro_pe.png\" \/>\n\t<meta property=\"og:image:width\" content=\"800\" \/>\n\t<meta property=\"og:image:height\" content=\"800\" \/>\n\t<meta property=\"og:image:type\" content=\"image\/png\" \/>\n<meta name=\"twitter:card\" content=\"summary_large_image\" \/>\n<script type=\"application\/ld+json\" class=\"yoast-schema-graph\">{\"@context\":\"https:\/\/schema.org\",\"@graph\":[{\"@type\":\"WebPage\",\"@id\":\"https:\/\/portimpact.com\/site\/product\/cinzeiro-coluna\/\",\"url\":\"https:\/\/portimpact.com\/site\/product\/cinzeiro-coluna\/\",\"name\":\"Cinzeiro Coluna - Portimpact\",\"isPartOf\":{\"@id\":\"https:\/\/portimpact.com\/site\/#website\"},\"primaryImageOfPage\":{\"@id\":\"https:\/\/portimpact.com\/site\/product\/cinzeiro-coluna\/#primaryimage\"},\"image\":{\"@id\":\"https:\/\/portimpact.com\/site\/product\/cinzeiro-coluna\/#primaryimage\"},\"thumbnailUrl\":\"https:\/\/portimpact.com\/site\/wp-content\/uploads\/2023\/01\/cinzeiro_pe.png\",\"datePublished\":\"2023-01-30T18:04:00+00:00\",\"dateModified\":\"2023-03-30T08:52:45+00:00\",\"breadcrumb\":{\"@id\":\"https:\/\/portimpact.com\/site\/product\/cinzeiro-coluna\/#breadcrumb\"},\"inLanguage\":\"pt-PT\",\"potentialAction\":[{\"@type\":\"ReadAction\",\"target\":[\"https:\/\/portimpact.com\/site\/product\/cinzeiro-coluna\/\"]}]},{\"@type\":\"ImageObject\",\"inLanguage\":\"pt-PT\",\"@id\":\"https:\/\/portimpact.com\/site\/product\/cinzeiro-coluna\/#primaryimage\",\"url\":\"https:\/\/portimpact.com\/site\/wp-content\/uploads\/2023\/01\/cinzeiro_pe.png\",\"contentUrl\":\"https:\/\/portimpact.com\/site\/wp-content\/uploads\/2023\/01\/cinzeiro_pe.png\",\"width\":800,\"height\":800},{\"@type\":\"BreadcrumbList\",\"@id\":\"https:\/\/portimpact.com\/site\/product\/cinzeiro-coluna\/#breadcrumb\",\"itemListElement\":[{\"@type\":\"ListItem\",\"position\":1,\"name\":\"Home\",\"item\":\"https:\/\/portimpact.com\/site\/\"},{\"@type\":\"ListItem\",\"position\":2,\"name\":\"Produtos\",\"item\":\"https:\/\/portimpact.com\/site\/shop\/\"},{\"@type\":\"ListItem\",\"position\":3,\"name\":\"Cinzeiro Coluna\"}]},{\"@type\":\"WebSite\",\"@id\":\"https:\/\/portimpact.com\/site\/#website\",\"url\":\"https:\/\/portimpact.com\/site\/\",\"name\":\"Portimpact\",\"description\":\"Escadas, Escadotes, Estendais em alum\u00ednio\",\"publisher\":{\"@id\":\"https:\/\/portimpact.com\/site\/#organization\"},\"potentialAction\":[{\"@type\":\"SearchAction\",\"target\":{\"@type\":\"EntryPoint\",\"urlTemplate\":\"https:\/\/portimpact.com\/site\/?s={search_term_string}\"},\"query-input\":{\"@type\":\"PropertyValueSpecification\",\"valueRequired\":true,\"valueName\":\"search_term_string\"}}],\"inLanguage\":\"pt-PT\"},{\"@type\":\"Organization\",\"@id\":\"https:\/\/portimpact.com\/site\/#organization\",\"name\":\"Portimpact\",\"url\":\"https:\/\/portimpact.com\/site\/\",\"logo\":{\"@type\":\"ImageObject\",\"inLanguage\":\"pt-PT\",\"@id\":\"https:\/\/portimpact.com\/site\/#\/schema\/logo\/image\/\",\"url\":\"https:\/\/portimpact.com\/site\/wp-content\/uploads\/2022\/11\/logo_portimpact1.png\",\"contentUrl\":\"https:\/\/portimpact.com\/site\/wp-content\/uploads\/2022\/11\/logo_portimpact1.png\",\"width\":170,\"height\":62,\"caption\":\"Portimpact\"},\"image\":{\"@id\":\"https:\/\/portimpact.com\/site\/#\/schema\/logo\/image\/\"},\"sameAs\":[\"https:\/\/www.facebook.com\/Portimpact\/\",\"https:\/\/www.instagram.com\/portimpact\/\",\"https:\/\/www.linkedin.com\/in\/portimpact\"]}]}<\/script>\n<!-- \/ Yoast SEO Premium plugin. -->","yoast_head_json":{"title":"Cinzeiro Coluna - Portimpact","robots":{"index":"index","follow":"follow","max-snippet":"max-snippet:-1","max-image-preview":"max-image-preview:large","max-video-preview":"max-video-preview:-1"},"canonical":"https:\/\/portimpact.com\/site\/product\/cinzeiro-coluna\/","og_locale":"pt_PT","og_type":"article","og_title":"Cinzeiro Coluna","og_description":"Gama de cinzeiros para exterior. Ideal para espa\u00e7os urbanos, entradas de estabelecimentos comerciais e de servi\u00e7os, nas zonas onde \u00e9 permitido fumar. De f\u00e1cil montagem no ch\u00e3o. O seu sistema de gaveta com fechadura permite a sua f\u00e1cil limpeza e manuten\u00e7\u00e3o. Design robusto, tampa em a\u00e7o inox. Anti-vandalismo  &nbsp;","og_url":"https:\/\/portimpact.com\/site\/product\/cinzeiro-coluna\/","og_site_name":"Portimpact","article_publisher":"https:\/\/www.facebook.com\/Portimpact\/","article_modified_time":"2023-03-30T08:52:45+00:00","og_image":[{"width":800,"height":800,"url":"https:\/\/portimpact.com\/site\/wp-content\/uploads\/2023\/01\/cinzeiro_pe.png","type":"image\/png"}],"twitter_card":"summary_large_image","schema":{"@context":"https:\/\/schema.org","@graph":[{"@type":"WebPage","@id":"https:\/\/portimpact.com\/site\/product\/cinzeiro-coluna\/","url":"https:\/\/portimpact.com\/site\/product\/cinzeiro-coluna\/","name":"Cinzeiro Coluna - Portimpact","isPartOf":{"@id":"https:\/\/portimpact.com\/site\/#website"},"primaryImageOfPage":{"@id":"https:\/\/portimpact.com\/site\/product\/cinzeiro-coluna\/#primaryimage"},"image":{"@id":"https:\/\/portimpact.com\/site\/product\/cinzeiro-coluna\/#primaryimage"},"thumbnailUrl":"https:\/\/portimpact.com\/site\/wp-content\/uploads\/2023\/01\/cinzeiro_pe.png","datePublished":"2023-01-30T18:04:00+00:00","dateModified":"2023-03-30T08:52:45+00:00","breadcrumb":{"@id":"https:\/\/portimpact.com\/site\/product\/cinzeiro-coluna\/#breadcrumb"},"inLanguage":"pt-PT","potentialAction":[{"@type":"ReadAction","target":["https:\/\/portimpact.com\/site\/product\/cinzeiro-coluna\/"]}]},{"@type":"ImageObject","inLanguage":"pt-PT","@id":"https:\/\/portimpact.com\/site\/product\/cinzeiro-coluna\/#primaryimage","url":"https:\/\/portimpact.com\/site\/wp-content\/uploads\/2023\/01\/cinzeiro_pe.png","contentUrl":"https:\/\/portimpact.com\/site\/wp-content\/uploads\/2023\/01\/cinzeiro_pe.png","width":800,"height":800},{"@type":"BreadcrumbList","@id":"https:\/\/portimpact.com\/site\/product\/cinzeiro-coluna\/#breadcrumb","itemListElement":[{"@type":"ListItem","position":1,"name":"Home","item":"https:\/\/portimpact.com\/site\/"},{"@type":"ListItem","position":2,"name":"Produtos","item":"https:\/\/portimpact.com\/site\/shop\/"},{"@type":"ListItem","position":3,"name":"Cinzeiro Coluna"}]},{"@type":"WebSite","@id":"https:\/\/portimpact.com\/site\/#website","url":"https:\/\/portimpact.com\/site\/","name":"Portimpact","description":"Escadas, Escadotes, Estendais em alum\u00ednio","publisher":{"@id":"https:\/\/portimpact.com\/site\/#organization"},"potentialAction":[{"@type":"SearchAction","target":{"@type":"EntryPoint","urlTemplate":"https:\/\/portimpact.com\/site\/?s={search_term_string}"},"query-input":{"@type":"PropertyValueSpecification","valueRequired":true,"valueName":"search_term_string"}}],"inLanguage":"pt-PT"},{"@type":"Organization","@id":"https:\/\/portimpact.com\/site\/#organization","name":"Portimpact","url":"https:\/\/portimpact.com\/site\/","logo":{"@type":"ImageObject","inLanguage":"pt-PT","@id":"https:\/\/portimpact.com\/site\/#\/schema\/logo\/image\/","url":"https:\/\/portimpact.com\/site\/wp-content\/uploads\/2022\/11\/logo_portimpact1.png","contentUrl":"https:\/\/portimpact.com\/site\/wp-content\/uploads\/2022\/11\/logo_portimpact1.png","width":170,"height":62,"caption":"Portimpact"},"image":{"@id":"https:\/\/portimpact.com\/site\/#\/schema\/logo\/image\/"},"sameAs":["https:\/\/www.facebook.com\/Portimpact\/","https:\/\/www.instagram.com\/portimpact\/","https:\/\/www.linkedin.com\/in\/portimpact"]}]}},"_links":{"self":[{"href":"https:\/\/portimpact.com\/site\/wp-json\/wp\/v2\/product\/2198","targetHints":{"allow":["GET"]}}],"collection":[{"href":"https:\/\/portimpact.com\/site\/wp-json\/wp\/v2\/product"}],"about":[{"href":"https:\/\/portimpact.com\/site\/wp-json\/wp\/v2\/types\/product"}],"version-history":[{"count":19,"href":"https:\/\/portimpact.com\/site\/wp-json\/wp\/v2\/product\/2198\/revisions"}],"predecessor-version":[{"id":3078,"href":"https:\/\/portimpact.com\/site\/wp-json\/wp\/v2\/product\/2198\/revisions\/3078"}],"wp:featuredmedia":[{"embeddable":true,"href":"https:\/\/portimpact.com\/site\/wp-json\/wp\/v2\/media\/2199"}],"wp:attachment":[{"href":"https:\/\/portimpact.com\/site\/wp-json\/wp\/v2\/media?parent=2198"}],"wp:term":[{"taxonomy":"product_brand","embeddable":true,"href":"https:\/\/portimpact.com\/site\/wp-json\/wp\/v2\/product_brand?post=2198"},{"taxonomy":"product_cat","embeddable":true,"href":"https:\/\/portimpact.com\/site\/wp-json\/wp\/v2\/product_cat?post=2198"},{"taxonomy":"product_tag","embeddable":true,"href":"https:\/\/portimpact.com\/site\/wp-json\/wp\/v2\/product_tag?post=2198"}],"curies":[{"name":"wp","href":"https:\/\/api.w.org\/{rel}","templated":true}]}}